{"id":1210,"date":"2025-08-01T07:44:45","date_gmt":"2025-08-01T07:44:45","guid":{"rendered":"https:\/\/padelperformancecenter.com\/parcpraden\/?page_id=1210"},"modified":"2025-08-20T10:12:42","modified_gmt":"2025-08-20T10:12:42","slug":"acces-contact","status":"publish","type":"page","link":"https:\/\/padelperformancecenter.com\/parcpraden\/acces-contact\/","title":{"rendered":"Acc\u00e8s &amp; contact"},"content":{"rendered":"\t\t<div data-elementor-type=\"wp-page\" data-elementor-id=\"1210\" class=\"elementor elementor-1210\" data-elementor-post-type=\"page\">\n\t\t\t\t\t\t<div class=\"elementor-element elementor-element-a644a09 e-con e-atomic-element e-div-block-base page-wrapper\" data-id=\"a644a09\" data-element_type=\"e-div-block\" data-e-type=\"e-div-block\" data-interaction-id=\"a644a09\" data-e-type=\"e-div-block\" data-id=\"a644a09\">\n\t\t\t\t<div class=\"elementor-element elementor-element-62f0a2a e-con e-atomic-element e-div-block-base main-wrapper\" data-id=\"62f0a2a\" data-element_type=\"e-div-block\" data-e-type=\"e-div-block\" data-interaction-id=\"62f0a2a\" data-e-type=\"e-div-block\" data-id=\"62f0a2a\">\n\t\t\t\t<div class=\"elementor-element elementor-element-8635038 e-con e-atomic-element e-div-block-base\" data-id=\"8635038\" data-element_type=\"e-div-block\" data-e-type=\"e-div-block\" data-interaction-id=\"8635038\" data-e-type=\"e-div-block\" data-id=\"8635038\">\n\t\t\t\t<div class=\"elementor-element elementor-element-42ce047 e-con e-atomic-element e-div-block-base padding-global\" data-id=\"42ce047\" data-element_type=\"e-div-block\" data-e-type=\"e-div-block\" data-interaction-id=\"42ce047\" data-e-type=\"e-div-block\" data-id=\"42ce047\">\n\t\t\t\t<div class=\"elementor-element elementor-element-ed26604 e-con e-atomic-element e-div-block-base container-medium\" data-id=\"ed26604\" data-element_type=\"e-div-block\" data-e-type=\"e-div-block\" data-interaction-id=\"ed26604\" data-e-type=\"e-div-block\" data-id=\"ed26604\">\n\t\t\t\t<div class=\"elementor-element elementor-element-82e05dc e-con e-atomic-element e-div-block-base wrapper-acces\" data-id=\"82e05dc\" data-element_type=\"e-div-block\" data-e-type=\"e-div-block\" data-interaction-id=\"82e05dc\" data-e-type=\"e-div-block\" data-id=\"82e05dc\">\n\t\t<div class=\"elementor-element elementor-element-198b6d5 e-con-full animated-slow e-flex elementor-invisible e-con e-child\" data-id=\"198b6d5\" data-element_type=\"container\" data-e-type=\"container\" data-settings=\"{&quot;background_background&quot;:&quot;classic&quot;,&quot;animation&quot;:&quot;fadeIn&quot;,&quot;animation_delay&quot;:100}\">\n\t\t<div class=\"elementor-element elementor-element-5a08e51 e-con-full e-flex e-con e-child\" data-id=\"5a08e51\" data-element_type=\"container\" data-e-type=\"container\">\n\t\t\t\t<div class=\"elementor-element elementor-element-fb05d77 elementor-widget__width-initial elementor-widget elementor-widget-heading\" data-id=\"fb05d77\" data-element_type=\"widget\" data-e-type=\"widget\" data-widget_type=\"heading.default\">\n\t\t\t\t<div class=\"elementor-widget-container\">\n\t\t\t\t\t<h2 class=\"elementor-heading-title elementor-size-default\">Acc\u00e8s &amp; contact<\/h2>\t\t\t\t<\/div>\n\t\t\t\t<\/div>\n\t\t\t\t<div class=\"elementor-element elementor-element-5514d7e elementor-widget__width-initial elementor-widget elementor-widget-text-editor\" data-id=\"5514d7e\" data-element_type=\"widget\" data-e-type=\"widget\" data-widget_type=\"text-editor.default\">\n\t\t\t\t<div class=\"elementor-widget-container\">\n\t\t\t\t\t\t\t\t\t<p>Le Padel Performance Center Marguerittes est situ\u00e9 \u00e0 10 min de N\u00eemes, avec parking gratuit sur place. Une question ou envie de r\u00e9server ? On est dispo par t\u00e9l\u00e9phone, mail ou directement via l\u2019application.<\/p>\t\t\t\t\t\t\t\t<\/div>\n\t\t\t\t<\/div>\n\t\t\t\t<\/div>\n\t\t\t\t<div class=\"elementor-element elementor-element-6271a79 elementor-widget elementor-widget-ws-form\" data-id=\"6271a79\" data-element_type=\"widget\" data-e-type=\"widget\" data-widget_type=\"ws-form.default\">\n\t\t\t\t<div class=\"elementor-widget-container\">\n\t\t\t\t\t<form action=\"https:\/\/padelperformancecenter.com\/parcpraden\/wp-json\/ws-form\/v1\/submit\" class=\"wsf-form wsf-form-canvas\" id=\"ws-form-1\" data-id=\"2\" method=\"POST\" data-instance-id=\"1\" data-wsf-style-id=\"3\"><\/form>\t\t\t\t<\/div>\n\t\t\t\t<\/div>\n\t\t\t\t<\/div>\n\t\t<div class=\"elementor-element elementor-element-6c2d6cb e-con-full animated-slow e-flex elementor-invisible e-con e-child\" data-id=\"6c2d6cb\" data-element_type=\"container\" data-e-type=\"container\" data-settings=\"{&quot;animation&quot;:&quot;fadeIn&quot;,&quot;animation_delay&quot;:100}\">\n\t\t\t\t<div class=\"elementor-element elementor-element-1711503 elementor-widget elementor-widget-google_maps\" data-id=\"1711503\" data-element_type=\"widget\" data-e-type=\"widget\" data-widget_type=\"google_maps.default\">\n\t\t\t\t<div class=\"elementor-widget-container\">\n\t\t\t\t\t\t\t<div class=\"elementor-custom-embed\">\n\t\t\t<iframe loading=\"lazy\"\n\t\t\t\t\tsrc=\"https:\/\/maps.google.com\/maps?q=Padel%20Performance%20Center%20-%20Parc%20Praden&#038;t=m&#038;z=10&#038;output=embed&#038;iwloc=near\"\n\t\t\t\t\ttitle=\"Padel Performance Center - Parc Praden\"\n\t\t\t\t\taria-label=\"Padel Performance Center - Parc Praden\"\n\t\t\t><\/iframe>\n\t\t<\/div>\n\t\t\t\t\t\t<\/div>\n\t\t\t\t<\/div>\n\t\t<div class=\"elementor-element elementor-element-acf9b7a e-con-full e-flex e-con e-child\" data-id=\"acf9b7a\" data-element_type=\"container\" data-e-type=\"container\" data-settings=\"{&quot;background_background&quot;:&quot;classic&quot;}\">\n\t\t\t\t<div class=\"elementor-element elementor-element-e2bb36b elementor-widget__width-initial elementor-widget elementor-widget-heading\" data-id=\"e2bb36b\" data-element_type=\"widget\" data-e-type=\"widget\" data-widget_type=\"heading.default\">\n\t\t\t\t<div class=\"elementor-widget-container\">\n\t\t\t\t\t<div class=\"elementor-heading-title elementor-size-default\">Informations pratiques<\/div>\t\t\t\t<\/div>\n\t\t\t\t<\/div>\n\t\t<div class=\"elementor-element elementor-element-9d7f3ba e-con-full e-flex e-con e-child\" data-id=\"9d7f3ba\" data-element_type=\"container\" data-e-type=\"container\">\n\t\t<div class=\"elementor-element elementor-element-3701309 e-con-full e-flex e-con e-child\" data-id=\"3701309\" data-element_type=\"container\" data-e-type=\"container\">\n\t\t\t\t<div class=\"elementor-element elementor-element-f37ae6b elementor-widget elementor-widget-image\" data-id=\"f37ae6b\" data-element_type=\"widget\" data-e-type=\"widget\" data-widget_type=\"image.default\">\n\t\t\t\t<div class=\"elementor-widget-container\">\n\t\t\t\t\t\t\t\t\t\t\t\t\t\t\t<img alt=\"\" decoding=\"async\" width=\"24\" height=\"25\" src=\"https:\/\/padelperformancecenter.com\/parcpraden\/wp-content\/uploads\/2025\/05\/fi_15104601.svg\" class=\"attachment-full size-full wp-image-552\" alt=\"\" \/>\t\t\t\t\t\t\t\t\t\t\t\t\t\t\t<\/div>\n\t\t\t\t<\/div>\n\t\t\t\t<div class=\"elementor-element elementor-element-95609aa elementor-widget__width-initial elementor-widget elementor-widget-heading\" data-id=\"95609aa\" data-element_type=\"widget\" data-e-type=\"widget\" data-widget_type=\"heading.default\">\n\t\t\t\t<div class=\"elementor-widget-container\">\n\t\t\t\t\t<div class=\"elementor-heading-title elementor-size-default\">06 87 46 07 04\u200b<\/div>\t\t\t\t<\/div>\n\t\t\t\t<\/div>\n\t\t\t\t<\/div>\n\t\t<div class=\"elementor-element elementor-element-43d8c44 e-con-full e-flex e-con e-child\" data-id=\"43d8c44\" data-element_type=\"container\" data-e-type=\"container\">\n\t\t\t\t<div class=\"elementor-element elementor-element-12e0a18 elementor-widget elementor-widget-image\" data-id=\"12e0a18\" data-element_type=\"widget\" data-e-type=\"widget\" data-widget_type=\"image.default\">\n\t\t\t\t<div class=\"elementor-widget-container\">\n\t\t\t\t\t\t\t\t\t\t\t\t\t\t\t<img alt=\"\" decoding=\"async\" width=\"24\" height=\"25\" src=\"https:\/\/padelperformancecenter.com\/parcpraden\/wp-content\/uploads\/2025\/05\/fi_6832944.svg\" class=\"attachment-full size-full wp-image-553\" alt=\"\" \/>\t\t\t\t\t\t\t\t\t\t\t\t\t\t\t<\/div>\n\t\t\t\t<\/div>\n\t\t\t\t<div class=\"elementor-element elementor-element-3e24d0d elementor-widget__width-initial elementor-widget elementor-widget-heading\" data-id=\"3e24d0d\" data-element_type=\"widget\" data-e-type=\"widget\" data-widget_type=\"heading.default\">\n\t\t\t\t<div class=\"elementor-widget-container\">\n\t\t\t\t\t<div class=\"elementor-heading-title elementor-size-default\">Chem. Bas de Marguerittes, 30320 Marguerittes\u200b<\/div>\t\t\t\t<\/div>\n\t\t\t\t<\/div>\n\t\t\t\t<\/div>\n\t\t<div class=\"elementor-element elementor-element-0ed77a4 e-con-full e-flex e-con e-child\" data-id=\"0ed77a4\" data-element_type=\"container\" data-e-type=\"container\">\n\t\t\t\t<div class=\"elementor-element elementor-element-97be654 elementor-widget elementor-widget-image\" data-id=\"97be654\" data-element_type=\"widget\" data-e-type=\"widget\" data-widget_type=\"image.default\">\n\t\t\t\t<div class=\"elementor-widget-container\">\n\t\t\t\t\t\t\t\t\t\t\t\t\t\t\t<img alt=\"\" decoding=\"async\" width=\"24\" height=\"25\" src=\"https:\/\/padelperformancecenter.com\/parcpraden\/wp-content\/uploads\/2025\/05\/fi_10282550.svg\" class=\"attachment-full size-full wp-image-551\" alt=\"\" \/>\t\t\t\t\t\t\t\t\t\t\t\t\t\t\t<\/div>\n\t\t\t\t<\/div>\n\t\t\t\t<div class=\"elementor-element elementor-element-17fb731 elementor-widget__width-initial elementor-widget elementor-widget-heading\" data-id=\"17fb731\" data-element_type=\"widget\" data-e-type=\"widget\" data-widget_type=\"heading.default\">\n\t\t\t\t<div class=\"elementor-widget-container\">\n\t\t\t\t\t<div class=\"elementor-heading-title elementor-size-default\">De 9h \u00e0 23h - 7j\/7\u200b<\/div>\t\t\t\t<\/div>\n\t\t\t\t<\/div>\n\t\t\t\t<\/div>\n\t\t\t\t<\/div>\n\t\t\t\t<\/div>\n\t\t\t\t<\/div>\n\t\t\t\t<\/div>\n\t\t\t\t<\/div>\n\t\t\t\t<\/div>\n\t\t\t\t<\/div>\n\t\t\t\t<\/div>\n\t\t\t\t<\/div>\n\t\t\t\t<\/div>\n\t\t","protected":false},"excerpt":{"rendered":"<p>Acc\u00e8s &amp; contact Le Padel Performance Center Marguerittes est situ\u00e9 \u00e0 10 min de N\u00eemes, avec parking gratuit sur place. Une question ou envie de r\u00e9server ? On est dispo par t\u00e9l\u00e9phone, mail ou directement via l\u2019application. Informations pratiques 06 87 46 07 04\u200b Chem. Bas de Marguerittes, 30320 Marguerittes\u200b De 9h \u00e0 23h &#8211; [&hellip;]<\/p>\n","protected":false},"author":1,"featured_media":0,"parent":0,"menu_order":0,"comment_status":"closed","ping_status":"closed","template":"elementor_header_footer","meta":{"_seopress_robots_primary_cat":"","_seopress_titles_title":"Acc\u00e8s & contact padel \u00e0 Marguerittes, pr\u00e8s de N\u00eemes | Padel Performance Center","_seopress_titles_desc":"Retrouvez l\u2019adresse, plan d\u2019acc\u00e8s et contact du Padel Performance Center \u00e0 Marguerittes, pr\u00e8s de N\u00eemes. Parking gratuit et r\u00e9servation en ligne.","_seopress_robots_index":"","footnotes":""},"class_list":["post-1210","page","type-page","status-publish","hentry"],"_links":{"self":[{"href":"https:\/\/padelperformancecenter.com\/parcpraden\/wp-json\/wp\/v2\/pages\/1210","targetHints":{"allow":["GET"]}}],"collection":[{"href":"https:\/\/padelperformancecenter.com\/parcpraden\/wp-json\/wp\/v2\/pages"}],"about":[{"href":"https:\/\/padelperformancecenter.com\/parcpraden\/wp-json\/wp\/v2\/types\/page"}],"author":[{"embeddable":true,"href":"https:\/\/padelperformancecenter.com\/parcpraden\/wp-json\/wp\/v2\/users\/1"}],"replies":[{"embeddable":true,"href":"https:\/\/padelperformancecenter.com\/parcpraden\/wp-json\/wp\/v2\/comments?post=1210"}],"version-history":[{"count":11,"href":"https:\/\/padelperformancecenter.com\/parcpraden\/wp-json\/wp\/v2\/pages\/1210\/revisions"}],"predecessor-version":[{"id":1258,"href":"https:\/\/padelperformancecenter.com\/parcpraden\/wp-json\/wp\/v2\/pages\/1210\/revisions\/1258"}],"wp:attachment":[{"href":"https:\/\/padelperformancecenter.com\/parcpraden\/wp-json\/wp\/v2\/media?parent=1210"}],"curies":[{"name":"wp","href":"https:\/\/api.w.org\/{rel}","templated":true}]}}